**2 - 4*v + 41. Let o(i) = -n(i) + 4*q(i). Give o(b).
4
Let v = 24 + -14. Let d = v + -14. Let p(t) = 2 - 4*t + 12*t**2 + 4*t - 11*t**2. Calculate p(d).
18
Let i(o) = -3*o - 2. Let q(k) = 42*k - 13. Let z(y) = -40*y + 10. Let s(a) = -5*q(a) - 6*z(a). Let d(n) = 4*i(n) + s(n). Determine d(2).
33
Let x(y) be the first derivative of -y**4/4 - 2*y**3 + 3*y**2 - 4*y - 1. Let t = 120 - 120. Suppose 3*n + 25 - 7 = -q, t = -2*n - 2*q - 8. Determine x(n).
3
Let v be 4*11/396*9. Let z(m) be the first derivative of -v + 1/4*m**4 + 5/2*m**2 + m - 7/3*m**3. Determine z(6).
-5
Let d(m) = -m**3 + 8*m**2 - 2*m + 12. Let l be (-7)/(-10)*-2*15/(-3). Suppose 0 = -c - l*s + 8*s + 8, 8 = c + 3*s. Determine d(c).
-4
Let s = 326 + -323. Let x(h) = -10*h - s*h + 12*h. Give x(5).
-5
Let s be ((-1)/(-2))/(2 + (-225)/114). Let i(u) = 18*u + 30*u - 75*u + 3 + s*u + u**2. Determine i(6).
-9
Let x(v) = 21*v + 781. Let m(r) = -263*r - 2930. Let g be m(-11). Give x(g).
4
Suppose -44*a = -52*a + 40. Let i(x) = -24*x + 122. Let z be i(a). Let p(u) = -10*u - 2. Give p(z).
-22
Let m(o) = -4*o**2 - 6*o + 5. Suppose -66*w - 7*w + 4*w + 207 = 0. Determine m(w).
-49
Let o = 151 + -150. Let i be (-1 - (2 - -1 - 5))/o. Let r(b) = -4*b. Determine r(i).
-4
Let q(a) = 3*a**3 + 27*a**2 + 28*a - 10. Let k(u) = -2*u**3 - 18*u**2 - 19*u + 7. Suppose 10*m + 21 = -29. Let s(g) = m*q(g) - 7*k(g). Calculate s(-8).
-7
Suppose m + 2*p = -4, 4*m = 21*p - 16*p - 16. Let r(y) = -5*y - 26. Give r(m).
-6
Suppose 59*u - 189 = 122*u. Let k(i) = 18*i - 6. What is k(u)?
-60
Suppose -6*s + 10 = -8*s. Let o(z) = -3*z - 8. Let a(y) = -2*y - 3. Let n(w) = s*a(w) + 3*o(w). Calculate n(2).
-7
Let q(c) be the first derivative of c**2/2 + 7*c + 1. Let d = -375 + 65. Let g = d + 304. What is q(g)?
1
Suppose 5*q - 2*h - 42 = 0, q - h - 21 = -9. Let p(u) = u + 4 - 4. Determine p(q).
6
Let o(f) be the first derivative of f**4/4 - 4*f**3 + 13*f**2/2 - 26*f - 1128. What is o(11)?
-4
Let r(a) be the first derivative of -a**4/4 + 2*a**3 + 4*a**2 + a + 1146. Calculate r(7).
8
Let s(t) be the first derivative of -t**3/3 + 2*t**2 + 18*t + 1419. Give s(-3).
-3
Let p(l) be the second derivative of 5*l**3/3 - 144*l**2 + 1352*l. Calculate p(29).
2
Suppose 5*f - 14956 + 15011 = 0. Let v(a) = -a**2 - 13*a - 50. Determine v(f).
-28
Let b(a) = -2*a**3 + 5*a**2 + 34*a - 2. Let d(o) = -o**3 + 3*o**2 + 16*o - 2. Let v(m) = -3*b(m) + 7*d(m). Calculate v(8).
-56
Let z(b) be the second derivative of 5 + 5/2*b**4 - 1/6*b**3 - 7*b - 1/2*b**2. What is z(-1)?
30
Let k(n) = -34*n + 584. Let p(g) = 253*g - 5802. Let s be p(23). What is k(s)?
6
Let a(u) be the second derivative of 2*u**3/3 + 19*u**2/2 + 4408*u. What is a(-5)?
-1
Let i(d) = d**2 - 3*d - 24. Suppose -689 + 49 = -128*j. Give i(j).
-14
Suppose -5*h = 3*z - z - 20, 0 = -3*z + 5*h + 30. Let n(j) = -12*j + 125. Determine n(z).
5
Suppose -152*b = -558*b + 253 - 659. Let f(o) = -105*o. What is f(b)?
105
Let i be 2 + 3/9 + 1/(-3). Let k(q) = -2*q + q**3 + 29*q**2 - 6 - 54*q**2 + 30*q**i. Suppose 0 = 5*n + 15 + 10. Give k(n).
4
Let p(z) be the first derivative of 7*z**2 - 7*z + 275. Give p(-6).
-91
Let t(x) be the third derivative of x**5/60 - x**4/3 + 2*x**3/3 - x**2 - 172*x. Give t(5).
-11
Let d = 34 - 16. Let i = d + -19. Let o(w) = -6*w**3 - 1 + 2 + 0*w**3 + 0*w**2 - w**2. Determine o(i).
6
Let g = -1 + -1. Let b be g*3/(4 - -2). Let n(t) be the second derivative of t**5/5 - t**3/6 - t**2/2 - 138*t. Give n(b).
-4
Suppose 0 = d + j - 8, 6*d - 3*j = d. Let g = 362 - 212. Let z(h) = 5*h - g*h**2 + h**d + 142*h**2 - 4*h. What is z(8)?
8
Let v(a) = 2*a**2 - 7*a + 5. Let g be v(3). Suppose -j - g*f + 5 = 0, 4*f = 4*j - 65 + 9. Let p(b) = 35*b - j*b - 7*b - 14*b. What is p(2)?
6
Let c(p) = -8*p**2 + 65*p + 1089. Let u(z) = -z**2 + 8*z + 141. Let o(f) = 2*c(f) - 17*u(f). What is o(-12)?
-3
Let v(k) = -k**2 + 7*k + 39. Suppose -27*m + 16 = 17 - 190. Determine v(m).
39
Let n(d) = -3*d + 6. Suppose -563*g + 484*g + 237 = 0. Determine n(g).
-3
Let a(s) = 7*s**2 + 14*s + 260. Let r(z) = -z**2 + z - 2. Let w(g) = a(g) + 5*r(g). Let u(v) be the first derivative of w(v). Calculate u(-6).
-5
Let f(l) = l**3 - 4*l**2 - 4*l + 6. Let n be (1 + 5)/(-1 - 1). Let i = -4 - n. Let w be i/4 - 238/(-56). Calculate f(w).
-10
Let r(b) be the second derivative of b**4/12 - 5*b**3/3 + 43*b**2/2 - 2770*b. Give r(15).
118
Let h be 27/5 - 2 - 38/95. Let z(y) = -459 + h*y + 455 - 4*y. Give z(-9).
5
Let f(n) be the first derivative of -24*n + 37*n + 61 - 10*n + n**2. Calculate f(-3).
-3
Suppose 2*t - 2 = 0, -i - 40 - 21 = 3*t. Let x = -59 - i. Let u(o) = -3 - o**2 - 377*o + 384*o - 3 + 5. Give u(x).
9
Let n(x) = -x - 1. Let g(b) = -6*b - 97. Let r(k) = -g(k) + 3*n(k). Give r(-27).
13
Let i(o) = -4*o + 42*o**3 + 45 + 0 - 3*o**2 - 6*o**2 + o - 43*o**3. Calculate i(-8).
5
Suppose -57*g + 63*g = 18. Suppose z - 5 = -g*s, -4*s - 3*z + 0 = -5. Let t(f) = f**3 - 4*f**2. Calculate t(s).
-8
Let h be -3 + -2 + (-4 - -11). Suppose 2*t + u + 17 = 0, -h*t + 5*u = -t - 19. Let a(c) = c - 7. Give a(t).
-13
Let c(v) = -v**2 - 8 + 6*v - 4*v**2 - 4*v + 6*v**2. Let b(s) = -s**2 + 9. Let j(z) = -2*b(z) - 3*c(z). Suppose -2 - 12 = 2*f. Give j(f).
-1
Let p = -5 - -19. Let h(o) = -382*o + 4. Let y(m) = -637*m + 10. Let k(n) = 5*h(n) - 3*y(n). What is k(p)?
4
Let j(c) = c**3 - 2*c**2 - 2*c - 1. Let k be j(3). Suppose -p + 10 + 0 = 0. Let d(v) = 0*v**k + 7*v - v**2 + 0*v + p + 0. What is d(8)?
2
Let r be ((-38)/114)/((-4)/(-72)). Let f(z) = -z**3 - 7*z**2 - 6*z - 1. What is f(r)?
-1
Let b = -92 + 98. Let y(t) = 27 - 2 - 14 - 8 - b + 3*t. Suppose l = -5*s - 11, -8 = -2*l - 3*l - 4*s. Give y(l).
9
Suppose 48*a + 232 = 40. Let u(d) = 7*d + 1. Give u(a).
-27
Let g(n) = -7*n**3 + 11*n**2 - 2. Let j(s) = -s**3 + s**2 - s - 1. Let w(c) = -g(c) + 6*j(c). Let m(q) = -892*q - 2670. Let l be m(-3). Calculate w(l).
-4
Let n(p) = -104*p**3 - 6*p + 4*p**2 - 5 + 105*p**3 + 4 + 8*p. Let v = 4 - 6. What is n(v)?
3
Let t(c) be the third derivative of 5*c**4/24 - 26*c**3/3 + 23*c**2 + 19*c. Calculate t(10).
-2
Let b(i) = -i**2 + i - 48. Let j be b(0). Let x = -46 - j. Suppose -a - 5 = 2*o, -3*o - x*a - a - 12 = 0. Let s(g) = -17*g**3 - 1. Determine s(o).
16
Let i(j) = -7*j + 3*j + 7 - j + 3*j + 1. Give i(10).
-12
Let w(d) be the first derivative of 0*d**2 - 6*d - 257 + 1/3*d**3. What is w(-4)?
10
Let z(a) = a + 2. Let p(q) = -8*q + 14. Suppose -7*b + 6*b - 1 = 0. Let j(d) = b*p(d) + 5*z(d). Give j(1).
9
Let t(m) = -m**2 + m + 5. Let x = -1706 + 1710. What is t(x)?
-7
Let l = 42 - 21. Let k(b) = b**2 - 20*b - 27. Let v be k(l). Let i(a) be the second derivative of -a**4/12 - 5*a**3/6 + 4*a**2 + 8*a. Calculate i(v).
2
Let y = 13 + -10. Suppose -3*b = 5*q - 5*b - 67, 3*b = -y. Let u(t) = 0 + q*t - 4 + 4 + 1. What is u(-1)?
-12
Suppose -25 = -191*i + 166. Let j(k) = 0*k + 5*k**3 + 2*k**2 + 0*k - k. Give j(i).
6
Let b(k) = -5*k**2 - 4*k - 2. Let m be b(-1). Let q be m + (-55)/35 + (-9)/21. Let v(f) = f**2 + 7*f + 6. Calculate v(q).
-4
Suppose -3*a - a + 12 = 0. Let u(r) = -199*r - 210*r - 2*r**2 + 408*r + 0*r**3 + 2*r**3. Determine u(a).
33
Let j(u) = -3*u - 178. Let i(t) = 3*t + 236. Let s(w) = 3*i(w) + 4*j(w). Suppose 3*r + 9 = -6. Determine s(r).
11
Suppose -14*d + 5*k = 5*d - 37, -19 = -d - 4*k. Let l(m) = 2*m - 13. Give l(d).
-7
Let a(d) = 4*d - 6. Let k = 29 + -18. Suppose k = 9*c - 61. Let h(q) = -q + 13. Let y be h(c). What is a(y)?
14
Let x(o) = o**3 + 6*o**2 + 2*o. Let d(t) = -3*t**2 + 9*t - 8. Let n be d(6). Let h = -68 - n. Determine x(h).
-12
Let c(l) = -12*l + 4*l**2 - 5*l**2 - 9*l + 7*l + 15. Let g be c(-14). Suppose g*p - 28 = 11*p. Let t(f) = f**2 - 9*f + 10. Give t(p).
-4
Let h be (-32)/(-304)*(-279)/6 - 2/19. Let l(d) = -2*d**3 - 9*d**2 - 11*d + 4. Determine l(h).
84
Let p be -4 + -2 + 5 + 3. Let d be (p - (-24)/(-14))*(8 - 1). Let v(x) = 3*x**2 - 93 - 2*x**d + 94 - 6*x. Determine v(5).
-4
Let k(u) = 2*u**2 - 4*u - 5. Suppose -12*l + 18 + 18 = 0. Let b be (-7 - -5) + 1 + 37. Suppose l*g - b = -6*g. Calculate k(g).
11
Let o(g) be the third derivative of 0 - 1/60*g**5 - g**2 + 54*g - 1/120*g**6 + 0*g**3 + 1/24*g**4. Give o(2).
-10
Suppose 5*f + 3*j - 146 = 0, f + 5*j - 150 = -4*f. Suppose -a + 2*a + 1 = -2*n, 4*a + f = 4*n. Let h(c) = -n - c - 2*c